t x be (-3 - 21/(-9))/((-2)/9). Suppose -5*s + 1 = -4. Suppose 0 = x*y - s - 11. What is the units digit of y?
4
Let x(q) = q**3 - q - 2. Let a be x(2). Let o = 7 - a. What is the units digit of o?
3
Suppose -4*x - 122 = 5*k, -k + 5*x = 2*k + 51. Suppose y = -y + 76. Let j = k + y. What is the tens digit of j?
1
Suppose 20 = 4*z, 4*h = 4*z - 5 + 65. What is the tens digit of h?
2
Let g = 60 + -37. What is the tens digit of g?
2
Suppose 3*h + g + 91 = -g, -h = -2*g + 41. Let n = -4 - h. What is the tens digit of n?
2
What is the tens digit of (-6)/(-6)*(-71)/(-1)?
7
What is the units digit of (6/8)/((-39)/(-3276))?
3
Suppose 2*t = -2*u + u + 6, -2 = -2*t. Let y = 9 - u. Suppose 0 = 3*c - 4*k - 21, -y*c + 41 = -k + 6. What is the units digit of c?
7
Suppose -q + 15 = -4. What is the units digit of q?
9
Let f = 32 + -14. What is the units digit of f?
8
Let u(x) = 12*x + 8. What is the tens digit of u(11)?
4
Let u(p) be the third derivative of -p**5/60 - 5*p**4/12 + 7*p**3/3 + 2*p**2. What is the units digit of u(-11)?
3
Let x(g) = -g**2 + 36. Let t be x(-7). Suppose -w + a + 24 = -3*a, -5*a = -w + 23. Let v = w + t. What is the tens digit of v?
1
Let f(m) = m**2 - 10*m - 11. Let a be f(11). Suppose 0 = i - 3*j - 4, a*j = -4*i + 5*j + 9. What is the units digit of -2 + i + 4 + -2?
1
Suppose -10 = -4*t + 2. Let m be t*(-2)/12*-4. Suppose -7*n = -3*n - 4*u + 4, -3*n + m*u = 0. What is the units digit of n?
2
Suppose 5*r - 117 = m + 3*m, 0 = 5*r - m - 123. What is the tens digit of r?
2
Suppose -11 = 5*r - 56. What is the units digit of r?
9
What is the tens digit of ((-21)/(-14))/((-3)/(-46))?
2
Suppose o = 4*o - 39. What is the tens digit of o?
1
Suppose -3*q - 2 + 8 = 0. Suppose -q*a - 2*w + 52 = 0, 5*a - 5*w - 10 = 80. What is the units digit of a?
2
Let g = -1 - -5. Suppose g*m = 39 + 25. What is the tens digit of m?
1
Let t(f) = -45*f**3 - 3*f**2 - 3*f. What is the units digit of t(-1)?
5
Let k(g) = g - 3 - 2*g - 4. Let o be k(-9). Suppose 0*w = -o*w + 12. What is the units digit of w?
6
Let k = 2 + -3. Let b be (-2 - k)/(-2 - -1). What is the units digit of 4*b*1/4?
1
Let g be (-1)/((-1)/7 - 0). Suppose g = 2*y - 1. Suppose -2*p - y*q + 32 = 2, 4*q - 2 = 2*p. What is the units digit of p?
7
Let m(i) = i**2 - 4*i - 6. Let l be m(-4). Suppose 7*x - 5*x - l = 0. What is the tens digit of x?
1
What is the hundreds digit of -4*((-884)/16 + 1)?
2
Let y = -26 + 67. What is the tens digit of y?
4
Suppose 0*o + p + 21 = 3*o, -17 = -4*o + 5*p. Suppose 0*t + o = t. What is the units digit of t?
8
Let i(o) = 2*o - 7. Suppose 3*v - 6*v + 27 = 0. What is the tens digit of i(v)?
1
Let n(a) = -3 + 3*a + 8 + 5 - 5*a. What is the tens digit of n(-11)?
3
Let g = 44 - 23. Suppose -c = -2*c + g. What is the units digit of c?
1
Let l(n) = -n**2 + 8*n + 2. Let k be l(7). Suppose 2*f + k = -5*i, -9 = -2*f + 4*i + 9. What is the units digit of f?
3
Let s be 0/((-8)/4) - -2. Suppose 3*z + s*z - 60 = 0. What is the units digit of z?
2
Let x(w) = -2*w**2 + 4*w - 4. Let h be 3 - (0 + -3) - 2. Let s be x(h). What is the tens digit of (24/(-10))/(3/s)?
1
Let y(d) = -d**2 - 13*d - 11. Let i(t) = 2*t + 22. Let a be i(-15). What is the units digit of y(a)?
9
Let r(n) = n**3 - 2*n**2 + 3. What is the units digit of r(4)?
5
Let b be (-1 + -16)*(2 - 4). Suppose 5 = 2*g - 5*z, 2*g = 7*g + 3*z + b. Let t = 2 - g. What is the units digit of t?
7
What is the hundreds digit of (-1 + (-465)/6)/(5/(-10))?
1
Suppose 8 = 4*j - 20. Suppose 0 = p - 2 - j. What is the units digit of p?
9
Let v(q) = q**3 - 5*q**2 + 3*q + 5. Let p be v(5). Suppose 2*j = 3 + 7. Suppose 7*s - 2*o = 2*s + p, 3*o - 45 = -j*s. What is the units digit of s?
6
Let r = 22 + -8. Suppose -p = -2 + r. What is the units digit of (p/5)/((-3)/10)?
8
Suppose -4*m - 5 = c - 0, -2*c = 5*m + 4. Suppose 0 = -z + 1 + 1. Suppose -c*v = z*v - 35. What is the units digit of v?
7
Suppose -4*n + 4*d = -d - 5, 2*d + 2 = -2*n. Let j(b) = b - 9. Let i be j(n). What is the tens digit of (-92)/i + (-6)/27?
1
Let m(q) be the first derivative of q**3/3 - 5*q**2/2 - 4. What is the units digit of m(6)?
6
Suppose -12 = -0*y - 2*y. What is the units digit of y?
6
Suppose -t = -37 - 7. What is the units digit of t?
4
Suppose 2*n + 4*x + 2 = 0, -2*n + 3*x - 21 = 9. Suppose 4*l - 48 = -0*l. What is the units digit of (n/l)/1*-8?
6
Suppose s + s = 4*i + 742, -747 = -2*s + 3*i. What is the tens digit of s?
8
Suppose 18 = 3*a + 3*o, -2*a - 3*o + 16 = -0*o. Suppose -j = a*j - 3. What is the units digit of j?
1
Let w(z) = z**2 - 7*z - 3. Let p be w(7). Let o be (-3 - p)/(2 - 0). Suppose o = h - 0 - 12. What is the tens digit of h?
1
Let u = 302 + -160. What is the tens digit of u?
4
Let s(f) = 3*f. Suppose 5*k = -2*b - 23, 3*b + 0*k = 5*k + 28. Let n be s(b). Suppose 5*h + v - 18 = 0, 0*v + n = 3*h - 2*v. What is the units digit of h?
3
Suppose -2*v = 3*l - 494, 5*l - 2*v = -v + 845. What is the units digit of l?
8
Let g(o) = o**3 + 6*o**2 + 5*o + 5. What is the units digit of g(-5)?
5
Suppose 2*w - w + 3*v + 7 = 0, 3*w - 5*v + 7 = 0. Let y(l) = -3*l - 2. What is the units digit of y(w)?
0
Suppose -3*s = l - 14, 4*l + s = 22 - 10. Let c be (l/(-3))/(3/(-18)). Suppose -c = n - 8. What is the units digit of n?
4
Suppose 4*m - 54 = 10*m. Let r = 53 + m. What is the units digit of r?
4
Let w be 2/3*(2 - 5). Let x(o) = -o + 2. What is the units digit of x(w)?
4
Suppose q = o - 0*q - 54, 3*q - 98 = -2*o. Suppose 3*j - o = 4*f, -2*j + 10 = -2*f - 26. What is the units digit of j?
0
Suppose -2*i - 2*i = -112. What is the units digit of ((-3)/(-2))/(3/i)?
4
Suppose -3*r = -3*w + 12, -3*w + 25 = 2*w. Let n be 4/(-4)*(r + 1). What is the units digit of n + (-2 - (-45)/3)?
1
Suppose 59 = 2*c + 17. Let y = 14 - c. Let b = -2 - y. What is the units digit of b?
5
Let h = 173 - 56. What is the units digit of h?
7
Let q = -1 + 4. What is the units digit of q?
3
Let z be 0 - ((-2)/(-2) - 3). Suppose z = b - 1. What is the units digit of b?
3
Suppose 3*v + 7*n = 10*n + 129, 3*v - 119 = n. What is the units digit of v?
8
Let c = 4 + 2. Let n be -1 - 1/((-2)/c). Suppose -n = -2*d, 4*d + 43 = 5*s + 17. What is the units digit of s?
6
Let l = 25 + 16. What is the units digit of l?
1
Suppose -5 = -y - 1. Suppose 69 = 3*t - f - f, -y*t + 87 = -f. Suppose 2*c - 3*c + t = 4*s, 4*s - 6 = 2*c. What is the units digit of c?
5
Let p(m) = -m + 9. Let q be p(8). Suppose c - q = 4. What is the units digit of c?
5
What is the tens digit of 0 + (2 + 630)/4?
5
Let g be (-16)/4*(-15)/6. Let d = 17 - g. What is the units digit of d?
7
Let s = -9 - -4. Let k be (1/(-3))/(s/15). Suppose 0 = -l + 3 - k. What is the units digit of l?
2
Let v = 9 - 6. Let q = 59 - 40. Suppose 14 = v*w - q. What is the tens digit of w?
1
Suppose -6*c + 333 - 99 = 0. What is the units digit of c?
9
Suppose 5*l = -8 - 7, t + 3*l = 141. What is the tens digit of t?
5
Let u = 11 + -7. What is the units digit of u/(-2 - 24/(-9))?
6
Let f(h) = 6*h**2 + 72*h + 17. What is the tens digit of f(-13)?
9
What is the tens digit of 1056/15 - (-9)/15?
7
Suppose 62*w = 71*w - 684. What is the tens digit of w?
7
Suppose -24 + 120 = 2*m. Suppose 5*b + m = 193. What is the units digit of b?
9
Suppose -y - 7 = 1. What is the units digit of (-2)/(y/(-7))*-4?
7
Suppose 2*g = 5*n + 499, -g - 3*n + 106 = -149. What is the units digit of g?
2
Let s(x) = -x**3 - 6*x + x - 4 - 5*x**2 + 1. Suppose -13 = 2*i - 5. What is the units digit of s(i)?
1
Let l be 1 + 1/(2/26). Suppose -6 = -d + 3*d - 5*c, -5*d - c - 42 = 0. Let s = l + d. What is the units digit of s?
6
Suppose 0 = -2*c + w - 3, -c + 4*w - 2 - 10 = 0. Suppose c*g = 5*g. Suppose 3*a - 23 = -2*k, -40 = -5*k - g*k - 4*a. What is the units digit of k?
4
Suppose 680 = -s + 11*s. What is the units digit of s?
8
Let m = -86 - -145. Suppose l - 187 - m = -4*b, 0 = -2*b - 5*l + 132. Suppose b = 5*q + 21. What is the units digit of q?
8
What is the hundreds digit of (1/3)/(0 + (-5)/(-2655))?
1
Let p(s) = s**3 - 8*s**2 - 10*s + 10. Let l be p(9). What is the units digit of 0 + 1 + l*9?
0
Let n(t) = 27*t + 2. Let l be n(1). Suppose 3 = 2*x - l. What is the tens digit of x?
1
Suppose t + 5*q = q - 12, 5*t - 32 = 3*q. Suppose 0 = -m + a + 18, 0 = -3*m + 4*m + a - 28. Suppose m = t*i - 13. Wh